-3. Let g(v) = v - 1. Determine g(z).
6
Let h(r) = -r**2 + 8*r + 10. Suppose -j = 4*g + 16 - 53, -5*j - 15 = 0. Give h(g).
-10
Let f be 2*-2 + (4 - 4). Let k(m) = -m**2 + 6*m. Let z(d) = -11 - 6*d**2 - 17 + 27 + 31*d. Let o(r) = -11*k(r) + 2*z(r). What is o(f)?
-2
Suppose 36*f - 34*f + 4*t - 8 = 0, -5*f + t - 35 = 0. Let m(l) = -l**2 - 7*l - 1. Give m(f).
5
Let s(r) = -r**2 + 2*r + 8. Let j be s(0). Let h(z) = -5 - 6*z + 11 - j. Calculate h(-2).
10
Let j(y) = -y**3 + 4*y**2 + 2*y. Suppose -4 = 2*w, w = -b - w + 34. Let m = b - 34. Give j(m).
8
Let f(h) = -3*h**2 + 7*h + 11. Let s(r) = 8*r**2 - 17*r - 32. Let v(p) = 11*f(p) + 4*s(p). Determine v(5).
13
Let u(p) = 2*p**2 - p - 3. Let g(w) = -3*w**2 + 6*w. Let d(b) = g(b) + 2*u(b). Determine d(-7).
15
Suppose n + 2*z - 1 = 0, -6*z = 2*n - 4*z. Let a(x) = x**2 - x - 4. Let y(b) = b**2 - b - 3. Let i(h) = -2*a(h) + 3*y(h). What is i(n)?
1
Suppose c = -2*c + 5*g + 25, g = -2. Let i(v) = -9 + c - 9*v + 6*v. Suppose 0*h - 12 = 4*h. What is i(h)?
5
Let b(o) = -o**2 - 7*o - 9. Let j(m) = -m**3 - m**2 + 7*m - 3. Let r be j(-3). What is b(r)?
-3
Let p(k) = -2*k**2 + 3*k - 1. Let b(l) = l**2 - 2*l. Let m(o) = -5*b(o) - 3*p(o). Give m(0).
3
Let y be ((-3)/(-10 - -7))/3. Let d(n) be the second derivative of y*n**3 - 6*n - 3/2*n**2 + 0. What is d(6)?
9
Let d(f) = -f**3 + 6*f**2 - 2*f + 7. Suppose -t - 9 = -5*w, 5*t - 2*w = 21 + 3. Determine d(t).
-5
Suppose 3*n = -9, -22 = 2*t - 7*t + 4*n. Let l be ((-10)/3)/(t/3). Let b(c) be the first derivative of -c**4/4 - 4*c**3/3 + 7*c**2/2 - 2*c + 9. Give b(l).
-12
Suppose 4 = -j + 5. Let o be j - (16/6 - 10/15). Let k(p) = -19*p**2 - p. Give k(o).
-18
Let v(a) = -3*a**3 + 25*a**2 - 2*a + 14. Let f(c) = -c**3 + 8*c**2 - c + 4. Let g(u) = 7*f(u) - 2*v(u). Give g(5).
10
Let f(m) = -5*m + 16*m + 9*m. What is f(1)?
20
Let y(a) be the third derivative of -a**4/12 + 5*a**3/6 + 45*a**2. Give y(9).
-13
Let i(j) = -j + 7. Let l = -206 - -198. Give i(l).
15
Let k(c) = -3*c. Suppose -3*r - r + 16 = 0. Suppose 0 = 4*g + 5*t - 27 + 88, 0 = r*g - t + 55. Let x = g - -17. Determine k(x).
-9
Let o(y) = 2*y - 3. Let i(h) = h**2 - 3*h - 10. Suppose 20 = -3*f + 8*f. Let m be i(f). Give o(m).
-15
Let m(s) = 2*s**2 + 10*s + 18. Let f be m(-11). Let o(j) = j + 139 - f - 5*j + 0*j. Give o(-8).
21
Let b(a) = -6*a - 11. Let o(p) = -3*p - 9. Let k(g) = -2*b(g) + 3*o(g). Let i(y) = -y**3 + 6*y**2 + 4. Let m be i(6). What is k(m)?
7
Let n = -38 + 43. Let v(x) = 9*x**2 + 11*x - 19*x**2 + 11*x**2 - n*x + 1. Calculate v(-6).
1
Let g(k) = 2*k - 1 + k - 2*k. Suppose 105*p = 119*p - 98. Give g(p).
6
Let u(g) be the first derivative of 23*g**4/4 - g**3/3 + g**2/2 - 109. Give u(1).
23
Let l(m) = 7*m - 1 - 5*m - 1. Let i be l(2). Let f(u) = -5*u**3 + 1 + 7*u**3 - 4*u**3 + 4*u**i. Give f(3).
-17
Let q(l) = -l - 3. Suppose 27 = 3*z - 21. Suppose -10 - z = 13*v. Calculate q(v).
-1
Let q(l) = 7*l**2 + 3*l + 4. Let j be q(-1). Let x(o) = j*o - 11*o + 2*o. Determine x(-2).
2
Let d(c) be the third derivative of -c**5/120 + c**4/6 + c**3/6 - 4*c**2. Let f(b) be the first derivative of d(b). What is f(4)?
0
Let l(x) = 5*x - 4. Suppose -34*k + 73 = -63. Determine l(k).
16
Let i(r) = -36*r**3 - r**2 - r + 1. Let l(k) = -k**2 + 11*k + 27. Let b be l(13). What is i(b)?
-37
Let u(c) = -16*c + 14. Let q(m) = 13*m - 13. Let r(j) = -5*q(j) - 4*u(j). What is r(6)?
3
Let o(i) = -i + 8*i**3 + 28*i**2 + 1 - i - 28*i**2. What is o(1)?
7
Let x be -3 - ((-5)/(-20) + 18/(-8)). Let k(c) = 20*c. Calculate k(x).
-20
Let v(s) be the third derivative of -s**6/120 + s**5/5 + s**4/12 - 3*s**3 + 2*s**2 + 50*s. Give v(12).
6
Let u(w) = -w**3 - 4*w**2 + w + 3. Suppose -y = -4*z - 5*y + 56, 0 = z + 3*y - 20. Suppose -21 = 8*j + z. Determine u(j).
-1
Let w(z) = -z**2 + 4*z + 4. Suppose -16 + 4 = m. Let r be ((-25)/(-20))/((-3)/m). Calculate w(r).
-1
Let j(b) = b - 2. Let y be j(5). Let v(x) be the first derivative of 3*x**2/2 + 185. Let q(g) = -4*g. Let c(u) = y*v(u) + 2*q(u). What is c(-3)?
-3
Let o(y) be the third derivative of y**6/360 - y**5/24 + y**4/3 + 8*y**3/3 + 8*y**2. Let v(n) be the first derivative of o(n). Give v(6).
14
Let b(m) = m**2 + 10*m - 125. Let v be b(7). Let x(p) = p**3 + 7*p**2 + 7*p - 6. What is x(v)?
-12
Suppose -55 = 6*r - 169. Let k = r + -13. Let x(w) = -w**2 + 6*w - 9. Determine x(k).
-9
Let v(j) = -2*j - 3. Suppose 0 = -38*n + 55 - 245. Give v(n).
7
Let j(m) = -m**2 + 1. Let q(s) = s**3 + 8*s**2 + 2*s - 4. Let l(v) = -4*j(v) - q(v). Determine l(-3).
-3
Let f(x) = -321 + 293 - 2*x + x**2 + 2*x + 15*x. Give f(-17).
6
Let y(w) = 6*w + 1. Let t(s) = -11*s - 4. Let j(a) = 8*a - 57. Let q be j(8). Let h(b) = q*y(b) + 4*t(b). Give h(-6).
3
Let l(a) = a**2 + a - 2. Let d(x) = x**3 + 4*x**2 - x - 5. Let p(j) = j - 3. Let k be p(-1). Let t be d(k). Let f be t - (3 + (-8)/2). What is l(f)?
-2
Let c(k) = 2*k**3 + 10*k**2 - 6*k - 9. Let i be c(-6). Let o = -35 - i. Let n(p) = -2 - o + 9 - 1 + 2*p. What is n(-5)?
-14
Let u(j) = -3*j**2 - 1225 + 2*j**2 + 2450 - 1225 + 2*j. Determine u(-4).
-24
Let b = 9 - 6. Let c be 2/b + 2/(-3). Suppose c = y + 2*v - 1 + 9, 5*y + 5*v = -20. Let w(r) = r**2 - r - 6. What is w(y)?
-6
Let d(z) = -z**3 - 3*z**2 + 8*z + 7. Suppose -3*i - 35 = 4*o, -5*i + 0*i = o + 30. Give d(i).
17
Let x(a) = a**2 + 4*a - 7. Suppose 3*r - r + 2 = 0. Let n be (15/(-45))/(r/(-21)). Let w(k) = k**3 + 8*k**2 + 9*k + 8. Let b be w(n). What is x(b)?
5
Suppose -27*h + 46*h - 133 = 0. Let y(u) = 2*u**2 - 15*u + 5. What is y(h)?
-2
Let l(f) = -f**2 - 103*f + 70 + 86*f - 61. Determine l(-16).
25
Suppose 5*u + 3*k = 15, 3*u - 4*u - 4*k = 14. Let c = 8 - u. Let v(d) = -d. Let p(o) = 3*o. Let f(a) = -p(a) - 4*v(a). Calculate f(c).
2
Suppose -n + 7 = -3*o, 4*n - 4*o + 3*o - 17 = 0. Let u(v) = 2*v**2 - 22*v - 29*v + 55*v - 4*v**2. What is u(n)?
-16
Suppose -7 = -4*h + 113. Suppose 12*g = 2*g - h. Let p(o) be the third derivative of -o**4/12 + o**3/6 + o**2. Determine p(g).
7
Let x(m) = -m**2 + 10*m. Suppose 0 = -0*d - 2*d - 148. Let b = 81 + d. What is x(b)?
21
Let l be 3*((-32)/(-12) + -1). Suppose 2*t - 12 = -t + 3*z, -14 = -5*t + 3*z. Let h(c) = -5 + t + 7 - c + 6. What is h(l)?
4
Let a(f) = f**2 + 6*f + 4. Let q = -191 + 188. Determine a(q).
-5
Let y = -28 + 35. Let z(f) = 4*f + 2. Give z(y).
30
Let m(b) be the first derivative of -b**3/3 - b**2 - 3*b - 34. Suppose 3*t = 8*t. Suppose -3*f - 8 + 2 = t. Determine m(f).
-3
Let p(q) = q**3 + 15*q**2 - 16*q + 7. Let z be 216/(-14) + 24/(-42)*1. Determine p(z).
7
Let i(v) be the third derivative of -v**6/120 - 7*v**5/60 + 3*v**4/8 + 11*v**3/6 - 215*v**2. Give i(-8).
3
Suppose z - 1 = -4. Let l(o) be the first derivative of -1/3*o**3 + 3 + o - 1/2*o**2. Give l(z).
-5
Let c(d) be the third derivative of 7/24*d**4 - 1/60*d**5 + 0*d + 2*d**2 + 7/6*d**3 + 0. Determine c(6).
13
Let n(a) = 3*a + 13. Suppose -4 = 2*h + 4. Let l be n(h). Let x(j) = j**2 - j. Determine x(l).
0
Let m(u) = u**2 - 18*u + 3. Suppose -7*y - 47 = -173. Give m(y).
3
Let o(r) = 3 + 3 - r - 5 + 5 + 4. What is o(14)?
-4
Let m(g) = 6*g + g**2 + 8*g + 200 - 442 + 210. What is m(-16)?
0
Let z = 14790 + -14787. Let k(h) be the first derivative of -h**3/3 + h**2/2 - h + 1. Give k(z).
-7
Let k = -8 + 1. Let b(o) = o**3 + 7*o**2 + o + 10. Let a be b(k). Let n(p) = 2*p**2 + a*p**3 + 2*p - 2*p**3 + p**2 - 2*p**3. What is n(4)?
-8
Let c(k) = 21*k + 43. Let y(b) = -13*b - 28. Let n(v) = 5*c(v) + 8*y(v). Give n(0).
-9
Let r(d) = -d**2 - 10*d + 3. Let s = 45 - 55. Give r(s).
3
Let k(i) = -i - 9. Let s be (-1)/(-1)*1*41. Suppose q + 3*z - s = -3*q, -3*q - 2*z = -32. Let m = q + -18. Give k(m).
-5
Let q(v) be the second derivative of 0 + 11*v - 5/6*v**3 - 1/2*v**2. Give q(1).
-6
Let a(y) = -546*y**3 + 551*y**3 + 4*y**2 - 3*y**2. Let g be a(1). Let k(q) = q**3 - 6*q**2 + q - 3. Determine k(g).
3
Let u be 1/1 - -1 - -1. Suppose 5*d + u*z = -7, -2*z = 2*d - z + 3. Let i(y) be the second derivative of -y**3/6 - y**2/2 - 42*y. Give i(d).
1
Let y(z) = 2*z + 2. Let i = 14 - 9. Suppose -3*t + 1 = -i. Suppose -t*m - 3*m = 10. Give y(m).
-2
Let a(o) = -o**3 + 5*o**2 + 5*o + 4. Let d(b) = b**3 + 27*b**2 + 2*b + 60. Let n be d(-27). What is a(n)?
-2
Let y = 286 + -275. Let f(l) = -8*l. Let d be f(-2). Let c = d - y. Let w(p) = -p - 3. G